+ 22. Let i = 40 - 16. Suppose i = 3*v - 12. List the prime factors of t(v).
2, 47
List the prime factors of 347730/75*5/2.
67, 173
Suppose 12*o - 1023 = -183. Let y = o + -70. Suppose -n - 2*n - 2*g = -361, y = -5*n - 5*g + 595. List the prime factors of n.
3, 41
Let y = 79 - 77. Let g be ((-12)/9 - 0)*(-6)/y. Suppose 15*v = g*v + 1529. List the prime factors of v.
139
Let y = 31766 - 8484. What are the prime factors of y?
2, 7, 1663
Let i be 60/72 - 11571/18. Let r = i + 1291. List the prime factors of r.
11, 59
Let p = 93 + -55. Suppose 4*d + 18 = p. Suppose 2*u - 116 = -4*g + g, -d*g = 0. What are the prime factors of u?
2, 29
Suppose -2*j + 3*z = 465 + 98, 0 = 5*j - 5*z + 1405. What are the prime factors of (84/j)/((-6)/55)*124?
11, 31
Suppose 2*x + 525 = -261. Let n = 744 + x. Suppose 5*f - 1136 = -n. List the prime factors of f.
157
Suppose 6 = g + 3*j + 18, -5*g = 4*j + 5. Suppose 0 = -4*w + w - 6, -85 = -p + g*w. What are the prime factors of p?
79
Let q be 6/27*(-450)/(-10). Suppose -q*j + 0*j + 3430 = 0. List the prime factors of j.
7
Let b = -122 - -126. Suppose -b*t + 484 = r, 0*r + r = -3*t + 362. List the prime factors of t.
2, 61
Let s be (-2 - (5 + -5))*-4. Let n = 12 - s. Suppose -p = 3*h + p - 347, -n*p = -h + 139. List the prime factors of h.
7, 17
Let k(f) = -f**3 - 7*f**2 - 6*f - 12. Let w(g) = g**3 + 3*g**2 + 3*g + 3. Let p be w(-2). Let m be 7*(3 + -4)*p. List the prime factors of k(m).
2, 3, 5
Let k(v) = 5 + 7*v + 14 - 25*v - 1. Let i be k(5). Let y = i + 163. What are the prime factors of y?
7, 13
Let k be (-198360)/(-135) + 4/(-3). Let y = k + -500. List the prime factors of y.
2, 11
Let b = 360 + -356. What are the prime factors of 144/18 + -10*2/b?
3
Let a(q) be the third derivative of 21*q**4/8 - 16*q**3/3 + 16*q**2. Let n = 58 + -55. What are the prime factors of a(n)?
157
Suppose -7*x - 4*b = -2*x - 26164, -x + 5220 = 4*b. Let q = x - 3610. What are the prime factors of (-4)/18 - q/(-27)?
2, 3, 5
Let b = 60 + -10. Let q = -1452 - -1455. Suppose -q*u + 4*u - b = 0. What are the prime factors of u?
2, 5
Suppose -925646 = -322*s + 2445050. List the prime factors of s.
2, 2617
Suppose 5*o = -g + 3035 + 1840, o - g - 969 = 0. Let w = 1434 - o. List the prime factors of w.
2, 5, 23
Let u(l) = -l**2 + 8*l + 9. Let x be u(9). Let t(m) = -m. Let d be t(x). Suppose d = -s + 7 + 56. What are the prime factors of s?
3, 7
Let m(h) = 5*h**2 + 11*h - 386. List the prime factors of m(-36).
2, 7, 11, 37
Let z be (-4 + 1)/(-9) + (-17)/(-3). Let u be (z - (-16)/(-6))*9*1. Let m = u + 15. What are the prime factors of m?
3, 5
Suppose 0 = 5*g + 3*h + 2*h - 5, -5*h + 1 = 4*g. Let i(o) = -9*o + 28. Let f be i(g). Let u(t) = -22*t + 16. List the prime factors of u(f).
2, 3
Suppose -54*t = -56*t + 42. Suppose 0 = 17*j - 10*j + t. What are the prime factors of (j + (-3 - -4))*-36?
2, 3
Let q(k) = 7*k**2 - 20*k - 3. Let c be q(3). Suppose 5*p - 20 = 0, 0*x - p = 2*x - 792. Suppose c = -2*g - 3*u + x, -u - 1 = 3. List the prime factors of g.
7, 29
Suppose -5*j = -3*n + 114, -4*n + 190 = n + 2*j. Let o = -36 + n. Suppose 0 = m - p - 48, -o*p = -2*m + 3*p + 105. What are the prime factors of m?
3, 5
Let b be (-6250)/(-225) + (-4)/(-18). Let z = -26 + b. Suppose 7*x - z*x = 90. What are the prime factors of x?
2, 3
Let t = -23 - -15. Let x be 6*4/t + 237. Suppose -2*q - q - 4*b + x = 0, 5*b + 97 = q. List the prime factors of q.
2, 41
Let i(g) = -g**3 - 17*g**2 + 17*g - 12. Let f(s) = -s - 18. Let r be f(-20). Suppose 8*q - 3*q = -5*d - 75, -r*q = -6. What are the prime factors of i(d)?
2, 3
Suppose g = 0, 3*u = -12*g + 16*g - 27. List the prime factors of (-376)/(-2)*9/(-27)*u.
2, 3, 47
Let c(w) = -83*w**2 + 1750*w - 13. What are the prime factors of c(21)?
2, 67
Let t = -73 - -75. Suppose -5*u + a + 20 = -t*u, 0 = 4*u - 4*a - 40. Suppose -4*q - 3*o = -667, 4*o + 1 = u*o. List the prime factors of q.
2, 83
Let t = -447 - -445. What are the prime factors of (-30140)/(-308) - -1*t/(-14)?
2, 7
Suppose 0 = 3*x - 5*m - 65, 3*m = -x + m + 18. Suppose -21*k + x*k - 89 = 0. Let h = -39 - k. What are the prime factors of h?
2, 5
Suppose -17*t - 2 = -15*t. What are the prime factors of t - -206 - 9/(-3)?
2, 13
Let f(z) = -z**2 - 17*z - 4. Suppose 0 = 4*g + 2*t + 52, -5*g = -5*t + 50 + 15. Let k be f(g). Let y = 17 + k. List the prime factors of y.
5, 13
Let w(t) be the second derivative of -3*t**5/10 + 5*t**2/2 + 70*t. List the prime factors of w(-4).
389
Let d(v) = -v**2 + 129*v - 869. List the prime factors of d(90).
19, 139
Let s(o) = 11*o**2 - 3*o. Let u(m) = m**2 + 6*m - 6. Let a be u(-7). Let w be 2 + 2 - (a - 0)*2. List the prime factors of s(w).
2, 19
Suppose i = 33 + 15. Let b = -71 - i. Let j = b + 249. List the prime factors of j.
2, 5, 13
Let j be -15*3/(-9) - 2. Suppose l = c - 2*c, 0 = 2*l - j*c - 15. List the prime factors of (l + 4 + 61)*1.
2, 17
Suppose 315*v - 284*v - 179335 = 0. List the prime factors of v.
5, 13, 89
Suppose -u - r = -11776, -3*u = r - 18663 - 16669. List the prime factors of u.
2, 3, 13, 151
Let v be 42/70 + 18*2264/5. Suppose 23*l - 31013 + v = 0. List the prime factors of l.
2, 7, 71
Suppose -34*a - 102*a = -898280. List the prime factors of a.
5, 1321
Let m(u) = 3*u**3 - 42*u**2 - 60*u - 11. List the prime factors of m(19).
2, 13, 41
What are the prime factors of ((-705)/90)/(-47) - (201201/(-18) - -1)?
11177
Let s be (-4)/(-6) - 306/54. List the prime factors of s + 45 - (-4 - -2).
2, 3, 7
Let b(n) = 49*n**2 - 84*n - 221. List the prime factors of b(15).
2, 1193
Let a(h) = -3*h**3 + 39*h**2 + 15. Let y be a(13). Suppose 2*n + 390 = 2*o, -2*n - 3*n + y = 0. What are the prime factors of o?
2, 3, 11
Let c(d) be the second derivative of d**3/6 + 5*d**2 + 17*d. Let s be c(-7). What are the prime factors of (6 + 45)/((9/2)/s)?
2, 17
Suppose -2*b = 2*a - 32060, -5*a = -5*b + 72908 + 7272. What are the prime factors of b?
16033
Let q = 14153 + -8737. List the prime factors of q.
2, 677
Suppose 490*w - 517*w = -73143. List the prime factors of w.
3, 7, 43
Let r = 82413 - 20144. List the prime factors of r.
73, 853
Suppose -43 = -b - 3*l + 33, 3*b = -5*l + 212. Let u = -10 - b. Let h = 166 + u. What are the prime factors of h?
2, 23
Suppose -19 = 3*a + 89. Let q = a + 35. What are the prime factors of (q - 0)/((-1)/55)?
5, 11
Suppose 4*v + w = 3*v + 8, v + 4 = -4*w. Suppose -3*k + v = 3. Let q = 60 + k. What are the prime factors of q?
3, 7
Let h(n) = 3*n - 32. Let j be h(9). List the prime factors of (-2)/7 - j/(315/12744).
2, 101
Suppose 5*w - 2*o + 3462 = 0, -2*w - o - 507 - 885 = 0. List the prime factors of (w + -11)/(9/(-6)).
2, 5, 47
Let x(n) = -17505*n + 74. List the prime factors of x(-1).
17579
Suppose -354*a + 4160611 + 11034692 = 2450949. List the prime factors of a.
7, 37, 139
Let f(l) be the third derivative of l**5/60 + 5*l**4/12 + 3*l**3/2 - 2*l**2. Let i be f(-6). What are the prime factors of 9/i - (-792)/20?
3, 13
Suppose 0 = -2*s + 7*s - 1860. Suppose -100 = 4*z - s. Let a = z + -44. What are the prime factors of a?
2, 3
Let s(w) = -7*w**3 + 7*w**2 + 3*w + 139. Let o(j) = -19*j**3 + 20*j**2 + 8*j + 416. Let f(y) = 3*o(y) - 8*s(y). List the prime factors of f(0).
2, 17
Let u = 16106 + -10505. List the prime factors of u.
3, 1867
Let k be 10352/(-14) + 90/210. Let m = -277 - k. What are the prime factors of m?
2, 3, 7, 11
Let k = -34903 - -64905. List the prime factors of k.
2, 7, 2143
Let b(x) = -x**3 + 3*x**2 + 13*x - 8. Let d be b(5). Suppose y + d = -3*t, -3 + 12 = -2*y - t. What are the prime factors of 0 + 4 + y - -91?
7, 13
Suppose -6*r - 81390 = -4*x, 0 = 3*x - 7*x - 4*r + 81420. What are the prime factors of x?
2, 3, 53
Suppose 22*u + 255*u = 9554561. List the prime factors of u.
17, 2029
Suppose -2*t - n - 462 = 123, -5*t = 4*n + 1464. Let w = -40 - t. What are the prime factors of w?
2, 3, 7
Let h = -1873 - -3649. Suppose 0 = -3*t - i + h, -4*i - 2977 = -2*t - 3*t. List the prime factors of t.
593
Let w = -33138 + 127990. List the prime factors of w.
2, 23, 1031
Let m be (-10)/(-25)*(0 - -800). Suppose j - 2*j + m = -2*a, 5*j = 2*a + 1616. Suppose 5*y + 5*n - 423 = 4*n, -4*y + j = -4*n. List the prime factors of y.
2, 3, 7
Let g be (-4335)/(-34) - (-9)/6. Suppose 0 = -j - 125 + 381. Let